. List the prime factors of g(j).
2
Let p(h) be the first derivative of -h**4/4 - 4*h**3 + 9*h**2/2 - 17*h - 4. What are the prime factors of p(-13)?
5, 7
Let c(i) = i**3 - 4*i**2 - 5*i + 4. Let x be c(5). Let v = 4 - -3. Suppose v*f = x*f + 12. What are the prime factors of f?
2
Let h be 2*-3*(-46)/4. Suppose h = 5*j - 2*j. List the prime factors of j.
23
Suppose -5*y + 8 = -3*y. Suppose -9*p + 40 = -y*p. What are the prime factors of p?
2
Let d(x) = -4 + 0*x - 3*x + 2*x**2 + 3*x. Let a be d(-3). Let m = a + -9. What are the prime factors of m?
5
Suppose k - 56 = -2*h + 34, 3*k = 4*h - 190. Suppose 2*f - h = -0*f. What are the prime factors of f?
23
Let l be 3/2*16/3. Suppose -3*j + 9 + 3 = 0. Suppose -l + 28 = j*i. List the prime factors of i.
5
Suppose o = 6*o. List the prime factors of 11 - 0 - (o - -2).
3
Suppose g = -1 + 11. Suppose 3*a - 2*r + 30 = r, -a - g = r. Let n = -7 - a. List the prime factors of n.
3
Let k = 30 - 6. List the prime factors of k.
2, 3
Let v(y) = y**3 - 4*y**2 - 11*y + 19. List the prime factors of v(6).
5
Let x be (4/7)/(2/7). Suppose 19 + 6 = x*o + k, -5*k + 5 = 0. What are the prime factors of o?
2, 3
Suppose -3*t = 2*w + 2*t - 93, 0 = -5*t + 25. What are the prime factors of w?
2, 17
Let b = -69 - -106. What are the prime factors of b?
37
Let o = 8 - 4. Suppose 0*y = -o*y + 32. What are the prime factors of y?
2
Let y(t) = -11*t - 1. Let n(s) = -s**3 - 8*s**2 - 6*s + 9. Let l be n(-7). Suppose 0*x - 2 = l*x. List the prime factors of y(x).
2, 5
Let b be ((-2)/(-2)*6)/(-1). Let x = -6 - b. Suppose x = 5*s + 4 - 24. What are the prime factors of s?
2
Suppose -2 = -u - 0. Suppose -u*o = -o - 35. List the prime factors of o.
5, 7
Suppose -2*y + 3*b + 315 = y, 213 = 2*y + b. What are the prime factors of y?
2, 53
Let k = -21 - -15. Let j(q) = q + 21. Let w be j(-10). Let t = w + k. List the prime factors of t.
5
Let z be (-8)/(-12) - 146/(-6). Suppose 5*c + z = 0, 0*a + 2 = a + 5*c. List the prime factors of a.
3
Let t = -4 + 5. Let d be (t*7)/(-2 - -3). Suppose -2*r + 52 = 3*l, d*r - 88 = 2*r + 3*l. What are the prime factors of r?
2, 5
Suppose -2*m - 6 = 5*h, 10 = -4*h - 0*m + m. Let n(a) = -5*a + 1. What are the prime factors of n(h)?
11
Let m = 76 + -46. What are the prime factors of m?
2, 3, 5
Let t(r) = -r + 5. Let o be t(4). Suppose q + o = 23. What are the prime factors of q?
2, 11
Let v(g) = -g**3 + 5*g**2 - 6*g + 2. Let u be v(4). Let a be (u/(-5))/(6/180). Suppose -a = 3*x - 6*x. List the prime factors of x.
2, 3
Suppose 5*t + g + 2*g - 35 = 0, t - 5*g - 35 = 0. Suppose 3*x + t = -5, 4*x = 3*q - 32. What are the prime factors of (0 + 18)*2/q?
3
Let o be (-40)/12 - (-4)/3. Let p be (-2)/3 - (-60)/9. Let q = o + p. List the prime factors of q.
2
Suppose 7*z - 4 = 3*z. Suppose -3*m = -19 + z. What are the prime factors of m?
2, 3
Suppose 0 = 4*c - 0*c - 12. Suppose 36 = c*x - x. What are the prime factors of x?
2, 3
Let m be 3/((-5)/2 - -3). Suppose -3*u = 3*k + m, -u + 4 = 3*k - 0*u. Suppose 0 = -k*s + 7 + 26. List the prime factors of s.
11
Let d(k) = -3*k**3 + 2*k + 1. Let v be d(-1). Suppose 8*c + v*h - 26 = 3*c, 0 = 3*h - 9. Let w = 0 + c. What are the prime factors of w?
2
Let q = -11 - -18. What are the prime factors of q?
7
Suppose 16 - 373 = -3*v. What are the prime factors of v?
7, 17
Let n(t) be the second derivative of -1/12*t**4 - 2*t**3 + 3*t - 15/2*t**2 + 0. What are the prime factors of n(-10)?
5
Suppose 2*n = 4*n - 12. List the prime factors of (1 - -2)*56/n.
2, 7
Let l(a) be the first derivative of -a**4/2 - 4*a**3/3 - 3*a**2/2 - a + 3. What are the prime factors of l(-2)?
5
What are the prime factors of 2/7 - 427/(-49)?
3
Let h be (-6)/(-33) + (-1420)/(-55). Suppose 3*u - u = h. List the prime factors of u.
13
Let v be 1 - (4/(-1) - -3). Suppose 3*a - 115 = -v*a. List the prime factors of a.
23
Suppose -y - 9 = k, -5*k + y - 75 = -0*k. Let j = k + 23. List the prime factors of j.
3
Let v = 4 + -6. List the prime factors of (-1 - (v - 2)) + 1.
2
Let a(m) be the second derivative of m**3/6 + m**2/2 - 2*m. Let k be a(0). Suppose 8 = 2*o - p, 5*o + 2*p = k + 10. List the prime factors of o.
3
Let x = -1 + -28. Let t = 47 + x. List the prime factors of t.
2, 3
Let g = -6 + 5. Suppose 6*q = 2*q + 20. Let o = q + g. List the prime factors of o.
2
Suppose 0 = -0*o - 3*o. Suppose 5*j - j = o. Suppose -2*w + 34 = -j*w. What are the prime factors of w?
17
Suppose -3*y + 827 = -34. List the prime factors of y.
7, 41
Suppose 74*u - 70*u - 100 = 0. List the prime factors of u.
5
Let s = 0 - -85. List the prime factors of s.
5, 17
Let r(c) = -2*c - 5. Let l be r(-5). Suppose n - l = -x, -x + 0*x + 11 = 3*n. Let j = x - -1. What are the prime factors of j?
3
Suppose -4*x + 106 = -0*x + 2*y, -1 = -y. What are the prime factors of x?
2, 13
Suppose 0 = -3*o - 2*u + 409, o + 2*u - 139 = -0*o. Suppose o + 54 = 3*c. Suppose -2*l - 3 = -5, -c = -4*z - 3*l. List the prime factors of z.
3, 5
Let u(o) be the second derivative of o**4/3 + o**2/2 + 2*o. List the prime factors of u(-2).
17
Let x = -3 + 7. Suppose 4*s = 50 + 42. Suppose b + 4*b - x*y = s, -4*b = -4*y - 20. What are the prime factors of b?
3
Let n be 3 + 10/((-1)/(-1)). Let h = -2 + n. List the prime factors of h.
11
Suppose -2*n = -l - 369, -143 - 43 = -n - l. List the prime factors of n.
5, 37
Let b = -18 - 19. Let u = b - -66. What are the prime factors of u?
29
Suppose 0 = 3*h + 2*s - 178, 141 = 5*h - 4*s - 163. Suppose 3 = -k + 3*m, -4*k - m + 9 - h = 0. Let p = k + 20. What are the prime factors of p?
2
What are the prime factors of (1/((-21)/36))/(4/(-364))?
2, 3, 13
Suppose -4*j = -2*h - 20, 0*h - 8 = -4*j - h. Let i(l) = -l**j - 1 - l + 3*l + 6*l**2 - 2*l - 3*l. List the prime factors of i(5).
3
Suppose 3*v + 2*x - 29 = -1, v - 21 = -3*x. List the prime factors of 136/v*12/8.
2, 17
Suppose 0 = -2*b - 3 + 15. Let m be ((-2)/(-3))/((-4)/b). List the prime factors of m*12/15*-5.
2
Let j = -26 + 26. List the prime factors of 37 + -1*(j - -3).
2, 17
Let x = -7 - -2. Let y = x - -5. Suppose 2*t - 26 = -4*g - y*t, -19 = -4*g + 5*t. List the prime factors of g.
2, 3
Suppose 126 = 2*a + a. Let r = 81 - a. What are the prime factors of r?
3, 13
Suppose 14 + 117 = k. List the prime factors of k.
131
Let x(i) = -i**3 + 6*i**2 + 8*i. Suppose 0*f = f - 7. List the prime factors of x(f).
7
Suppose 0 = -3*m + 27 - 9. What are the prime factors of ((-4)/m)/(1/(-12))?
2
Suppose -2*w - w + 3 = 2*t, 2*t = 2*w - 2. Let m = 9 + t. What are the prime factors of m?
3
Let d(w) = -w + 14. Let v be d(11). Suppose -n - 12 = -v*n. What are the prime factors of n?
2, 3
Suppose 0 = m + 2*d - 10 - 21, -3*m = -3*d - 75. Let z = 51 - m. List the prime factors of z.
2, 3
Let f = 1 - 14. Let h = f - -17. What are the prime factors of h?
2
Suppose 5*q - 324 = -2*p, q - 2*q = -p - 62. List the prime factors of q.
2
Let y(v) = 15*v - 13. List the prime factors of y(4).
47
Let p = -51 + 111. Suppose -2*a = 3*a - p. List the prime factors of a.
2, 3
Suppose 0*s - 5*s + 605 = 0. List the prime factors of s.
11
Let x be (-943)/9 + 4/(-18). List the prime factors of x/(-10)*2/3.
7
Let i = 34 + 25. What are the prime factors of i?
59
Let g(d) = 3*d**2 + 9*d - 8. Let s(i) = -i**2 - 5*i + 4. Let m(v) = -2*g(v) - 5*s(v). What are the prime factors of m(6)?
2
Let p(c) = c + 14. What are the prime factors of p(0)?
2, 7
Suppose -2*d - 2*b = -190, 3*d + 5*b = d + 205. Suppose f - 3*l - 24 = -5*l, 4*f = -2*l + d. Suppose q - f = -q. List the prime factors of q.
11
Suppose 20 = 4*h, -2*c + 3*h + 1 = -4. List the prime factors of c.
2, 5
Let w(x) = x**3 + 3*x**2 - 4*x + 2. Let n be w(-4). Let o be (2 - (-1 - -3)) + 2. Suppose -j = -o*j - y + 3, -n*y = -j. What are the prime factors of j?
2
Let t = -222 + 421. What are the prime factors of t?
199
Suppose 5*t - 4*i = -6, -5*t + 26 = 7*i - 3*i. Let m(h) = -h + t + 0*h + 6. What are the prime factors of m(6)?
2
Let z(l) = -l**3 + 6*l**2 - 3*l - 2. What are the prime factors of z(4)?
2, 3
Suppose -6*r + 10 = -r. Suppose 0 = -d + 2 + r. Suppose 32 = d*k - 16. What are the prime factors of k?
2, 3
Let m = -24 + 12. Let u = 23 + m. What are the prime factors of u?
11
Let u(w) = -1 + w**2 + 8*w - 1 - 3*w. List the prime factors of u(-8).
2, 11
Let m b